2980.
2, 3, 5, 11, 23, 211
What are the prime factors of 572732?
2, 131, 1093
List the prime factors of 403120.
2, 5, 5039
List the prime factors of 3595220.
2, 5, 67, 2683
List the prime factors of 193084.
2, 48271
What are the prime factors of 87125?
5, 17, 41
What are the prime factors of 164806?
2, 19, 4337
List the prime factors of 2675637.
3, 19, 15647
List the prime factors of 4286249.
11, 389659
What are the prime factors of 308802?
2, 3, 13, 37, 107
What are the prime factors of 1340548?
2, 11, 30467
List the prime factors of 802266.
2, 3, 133711
List the prime factors of 15227534.
2, 7, 155383
What are the prime factors of 3000024?
2, 3, 17, 19, 43
List the prime factors of 569083.
569083
What are the prime factors of 101174?
2, 50587
What are the prime factors of 13710037?
11, 1246367
List the prime factors of 8274206.
2, 17, 163, 1493
What are the prime factors of 333809?
7, 43, 1109
What are the prime factors of 202478?
2, 29, 3491
What are the prime factors of 16086436?
2, 509, 7901
List the prime factors of 571458.
2, 3, 23, 41, 101
List the prime factors of 261520.
2, 5, 7, 467
List the prime factors of 1637431.
457, 3583
What are the prime factors of 49560?
2, 3, 5, 7, 59
What are the prime factors of 404859?
3, 7, 13, 1483
What are the prime factors of 6047877?
3, 11, 131, 1399
List the prime factors of 21098.
2, 7, 11, 137
List the prime factors of 16589864.
2, 257, 8069
List the prime factors of 4868943.
3, 1622981
What are the prime factors of 726536?
2, 197, 461
What are the prime factors of 1487523?
3, 109, 4549
What are the prime factors of 398732?
2, 83, 1201
What are the prime factors of 569485?
5, 7, 53, 307
What are the prime factors of 2498892?
2, 3, 11, 1721
What are the prime factors of 2807821?
2807821
List the prime factors of 10613444.
2, 271, 9791
List the prime factors of 1149995.
5, 7, 11, 29, 103
What are the prime factors of 2037916?
2, 499, 1021
List the prime factors of 3787259.
7, 77291
What are the prime factors of 4908803?
4908803
List the prime factors of 2328161.
11, 71, 271
What are the prime factors of 2424539?
13, 421, 443
What are the prime factors of 128404?
2, 47, 683
What are the prime factors of 2916611?
2916611
List the prime factors of 61208.
2, 7, 1093
What are the prime factors of 246368?
2, 7699
List the prime factors of 361518.
2, 3, 89, 677
List the prime factors of 424088.
2, 7, 7573
List the prime factors of 105547.
13, 23, 353
What are the prime factors of 2461845?
3, 5, 41, 4003
List the prime factors of 31337366.
2, 41, 382163
What are the prime factors of 1841669?
71, 25939
What are the prime factors of 276445?
5, 13, 4253
List the prime factors of 4575854.
2, 61, 37507
What are the prime factors of 3291350?
2, 5, 65827
List the prime factors of 529148.
2, 132287
List the prime factors of 5395868.
2, 17, 73, 1087
List the prime factors of 7693390.
2, 5, 769339
What are the prime factors of 39581875?
5, 63331
List the prime factors of 3215235.
3, 5, 71, 3019
What are the prime factors of 2148916?
2, 7, 11, 6977
What are the prime factors of 21284?
2, 17, 313
List the prime factors of 4455336.
2, 3, 73, 2543
What are the prime factors of 22350?
2, 3, 5, 149
What are the prime factors of 867253?
867253
What are the prime factors of 574318?
2, 287159
List the prime factors of 666199.
43, 15493
List the prime factors of 9260703.
3, 342989
List the prime factors of 8756056.
2, 181, 6047
List the prime factors of 1141747.
67, 17041
List the prime factors of 9538545.
3, 5, 31, 73, 281
What are the prime factors of 431271?
3, 15973
List the prime factors of 13441982.
2, 23, 107, 2731
What are the prime factors of 6446402?
2, 3223201
List the prime factors of 2358872.
2, 294859
What are the prime factors of 22708630?
2, 5, 7, 401, 809
What are the prime factors of 7604550?
2, 3, 5, 43, 131
List the prime factors of 523507.
19, 59, 467
What are the prime factors of 1565438?
2, 7, 31, 3607
What are the prime factors of 246788?
2, 103, 599
List the prime factors of 12456853.
577, 21589
What are the prime factors of 1435901?
1435901
What are the prime factors of 582488?
2, 17, 4283
List the prime factors of 290602.
2, 13, 11177
What are the prime factors of 1247450?
2, 5, 61, 409
List the prime factors of 184571.
184571
What are the prime factors of 1151176?
2, 13, 11069
List the prime factors of 980312.
2, 283, 433
List the prime factors of 18073879.
4177, 4327
What are the prime factors of 14971144?
2, 113, 16561
List the prime factors of 258439.
109, 2371
List the prime factors of 10100912.
2, 631307
List the prime factors of 347480.
2, 5, 7, 17, 73
List the prime factors of 104386.
2, 19, 41, 67
List the prime factors of 112754.
2, 56377
What are the prime factors of 79573?
13, 6121
List the prime factors of 746335.
5, 61, 2447
What are the prime factors of 243531?
3, 27059
What are the prime factors of 24574?
2, 11, 1117
What are the prime factors of 4632368?
2, 13, 22271
What are the prime factors of 355525?
5, 14221
List the prime factors of 18393797.
337, 54581
What are the prime factors of 473949?
3, 7, 7523
List the prime factors of 16679443.
11, 101, 15013
What are the prime factors of 5197407?
3, 1732469
What are the prime factors of 107954?
2, 7, 11, 701
What are the prime factors of 751075?
5, 13, 2311
List the prime factors of 921110.
2, 5, 92111
List the prime factors of 1903527.
3, 70501
What are the prime factors of 3044941?
211, 14431
List the prime factors of 6758874.
2, 3, 463, 811
What are the prime factors of 1708612?
2, 79, 5407
What are the prime factors of 36039?
3, 41, 293
What are the prime factors of 1700932?
2, 425233
What are the prime factors of 257136?
2, 3, 11, 487
List the prime factors of 653906.
2, 11, 29723
List the prime factors of 6755698.
2, 17, 23, 53, 163
What are the prime factors of 195443?
195443
List the prime factors of 5151730.
2, 5, 515173
What are the prime factors of 541655?
5, 127, 853
List the prime factors of 4575646.
2, 2287823
List the prime factors of 313631.
47, 6673
List the prime factors of 795313.
617, 1289
What are the prime factors of 4525646?
2, 2262823
What are the prime factors of 639894?
2, 3, 106649
What are the prime factors of 105508?
2, 13, 2029
List the prime factors of 4548331.
29, 47, 71
What are the prime factors of 11356321?
11356321
What are the prime factors of 25956897?
3, 8652299
What are the prime factors of 445135?
5, 127, 701
What are the prime factors of 1933411?
257, 7523
What are the prime factors of 251950?
2, 5, 5039
What are the prime factors of 28184?
2, 13, 271
List the prime factors of 1156964.
2, 289241
What are the prime factors of 1189520?
2, 5, 14869
List the prime factors of 9564563.
89, 107467
List the prime factors of 13307107.
11, 17, 71161
List the prime factors of 4782626.
2, 47, 83, 613
List the prime factors of 241269.
3, 7, 11489
What are the prime factors of 377761?
377761
What are the prime factors of 213354?
2, 3, 439
List the prime factors of 1361437.
7, 11, 17681
List the prime factors of 377112.
2, 3, 19, 827
List the prime factors of 50684.
2, 12671
List the prime factors of 4748517.
3, 397, 443
What are the prime factors of 321069?
3, 7, 15289
List the prime factors of 2992019.
67, 44657
List the prime factors of 566126.
2, 11, 25733
What are the prime factors of 2225684?
2, 431, 1291
What are the prime factors of 3899734?
2, 317, 6151
What are the prime factors of 204214?
2, 102107
What are the prime factors of 16020245?
5, 83, 38603
List the prime factors of 8671523.
7, 1238789
List the prime factors of 255304.
2, 7, 47, 97
List the prime factors of 199881.
3, 11, 673
List the prime factors of 61903.
103, 601
List the prime factors of 1264252.
2, 11, 59, 487
What are the prime factors of 671422?
2, 19, 17669
What are the prime factors of 2629863?
3, 41, 7127
List the prime factors of 436581.
3, 179, 271
List the prime factors of 730649.
83, 8803
What are the prime factors of 1725302?
2, 862651
What are the prime factors of 2872335?
3, 5, 53, 3613
What are the prime factors of 947783?
947783
List the prime factors of 166355.
5, 7, 97
What are the prime factors of 14831652?
2, 3, 11, 112361
List the prime factors of 1767697.
1767697
What are the prime factors of 1197448?
2, 